{"id":14,"date":"2025-02-22T12:00:41","date_gmt":"2025-02-22T15:00:41","guid":{"rendered":"https:\/\/tienda.informationway.com.ar\/?page_id=14"},"modified":"2025-02-22T12:00:41","modified_gmt":"2025-02-22T15:00:41","slug":"terminos-del-servicio","status":"publish","type":"page","link":"https:\/\/infoway.ar\/tienda\/terminos-del-servicio\/","title":{"rendered":"T\u00e9rminos del servicio"},"content":{"rendered":"<p><strong>DESCRIPCI\u00d3N GENERAL<\/strong><\/p><p>Este sitio web es operado por informationway. En todo el sitio, los t\u00e9rminos \u201cnosotros\u201d, \u201cnos\u201d y \u201cnuestro\u201d se refieren a informationway. informationway ofrece este sitio web, que incluye toda la informaci\u00f3n, herramientas y servicios disponibles en este sitio para usted, el usuario, condicionado a su aceptaci\u00f3n de todos los t\u00e9rminos, condiciones, pol\u00edticas y avisos establecidos aqu\u00ed.<\/p><p>Al visitar nuestro sitio y \/ o comprar algo de nosotros, usted participa en nuestro \u201cServicio\u201d y acepta estar sujeto a los siguientes t\u00e9rminos y condiciones (\u201cT\u00e9rminos de Servicio\u201d, \u201cT\u00e9rminos\u201d), incluidos los t\u00e9rminos y condiciones adicionales y las pol\u00edticas a las que se hace referencia en este documento y \/ o est\u00e1n disponibles por hiperv\u00ednculo. Estos T\u00e9rminos de servicio se aplican a todos los usuarios del sitio, incluidos, entre otros, los usuarios que son navegadores, proveedores, clientes, comerciantes y \/ o contribuyentes de contenido.<\/p><p>Lea atentamente estos T\u00e9rminos de servicio antes de acceder o utilizar nuestro sitio web. Al acceder o utilizar cualquier parte del sitio, usted acepta estar sujeto a estos T\u00e9rminos de Servicio. Si no est\u00e1 de acuerdo con todos los t\u00e9rminos y condiciones de este acuerdo, no podr\u00e1 acceder al sitio web ni utilizar ning\u00fan servicio. Si estos T\u00e9rminos de servicio se consideran una oferta, la aceptaci\u00f3n se limita expresamente a estos T\u00e9rminos de servicio.<\/p><p>Cualquier caracter\u00edstica nueva o herramienta que se agregue a la tienda actual tambi\u00e9n estar\u00e1 sujeta a los T\u00e9rminos de Servicio. Puede revisar la versi\u00f3n m\u00e1s reciente de los T\u00e9rminos de Servicio en cualquier momento en esta p\u00e1gina. Nos reservamos el derecho de actualizar, cambiar o reemplazar cualquier parte de estos T\u00e9rminos de Servicio publicando actualizaciones y \/ o cambios en nuestro sitio web. Es su responsabilidad revisar esta p\u00e1gina peri\u00f3dicamente para ver los cambios. Su uso continuo o acceso al sitio web despu\u00e9s de la publicaci\u00f3n de cualquier cambio con la aceptaci\u00f3n de dichos cambios.<\/p><p>Nuestra tienda est\u00e1 alojada en Shopify Inc. Nos proporcionan la plataforma de comercio electr\u00f3nico en l\u00ednea que nos permite venderle nuestros productos y servicios.<\/p><p><strong>SECCI\u00d3N 1 &#8211; T\u00c9RMINOS DE LA TIENDA ONLINE<\/strong><\/p><p>Al aceptar estos T\u00e9rminos de servicio, usted declara que tiene al menos la mayor\u00eda de edad en su estado o provincia de residencia, o que tiene la mayor\u00eda de edad en su estado o provincia de residencia y nos ha dado su consentimiento para permitir que cualquiera de sus dependientes menores use este sitio.<\/p><p>No puede usar nuestros productos para ning\u00fan prop\u00f3sito ilegal o no autorizado ni puede, al usar el Servicio, violar ninguna ley en su jurisdicci\u00f3n (incluidas, entre otras, las leyes de derechos de autor).<\/p><p>No debe transmitir gusanos, virus o c\u00f3digos de naturaleza destructiva.<\/p><p>Una violaci\u00f3n o violaci\u00f3n de cualquiera de los T\u00e9rminos resultar\u00e1 en la terminaci\u00f3n inmediata de sus Servicios.<\/p><p><strong>SECCI\u00d3N 2 &#8211; CONDICIONES GENERALES<\/strong><\/p><p>Nos reservamos el derecho de rechazar el servicio a cualquier persona por cualquier motivo en cualquier momento.<\/p><p>Usted comprende que su contenido (sin incluir la informaci\u00f3n de la tarjeta de cr\u00e9dito) puede transferirse sin cifrar e implicar (a) transmisiones a trav\u00e9s de varias redes; y (b) cambios para cumplir y adaptar los requisitos t\u00e9cnicos de la conexi\u00f3n de redes o dispositivos. La informaci\u00f3n de la tarjeta de cr\u00e9dito siempre se cifra durante la transferencia a trav\u00e9s de redes.<\/p><p>Usted acepta no reproducir, duplicar, copiar, vender, revender o explotar ninguna parte del Servicio, el uso del Servicio o el acceso al Servicio o cualquier contacto en el sitio web a trav\u00e9s del cual se presta el servicio, sin un escrito expreso permiso de nosotros<\/p><p>Los encabezados utilizados en este acuerdo se incluyen solo por conveniencia y no limitar\u00e1n ni afectar\u00e1n estos T\u00e9rminos.<\/p><p><strong>SECCI\u00d3N 3 &#8211; EXACTITUD, COMPLETIDAD Y ACTUALIDAD DE LA INFORMACI\u00d3N<\/strong><\/p><p>No somos responsables si la informaci\u00f3n disponible en este sitio no es precisa, completa o actual. El material en este sitio se proporciona solo para informaci\u00f3n general y no se debe confiar en \u00e9l ni utilizarlo como la \u00fanica base para tomar decisiones sin consultar fuentes de informaci\u00f3n primarias, m\u00e1s precisas, m\u00e1s completas o m\u00e1s oportunas. Cualquier confianza en el material de este sitio es bajo su propio riesgo.<\/p><p>Este sitio puede contener cierta informaci\u00f3n hist\u00f3rica. La informaci\u00f3n hist\u00f3rica, necesariamente, no es actual y se proporciona solo para su referencia. Nos reservamos el derecho de modificar el contenido de este sitio en cualquier momento, pero no tenemos la obligaci\u00f3n de actualizar ninguna informaci\u00f3n en nuestro sitio. Usted acepta que es su responsabilidad monitorear los cambios en nuestro sitio.<\/p><p><strong>SECCI\u00d3N 4 &#8211; MODIFICACIONES AL SERVICIO Y PRECIOS<\/strong><\/p><p>Los precios de nuestros productos est\u00e1n sujetos a cambios sin previo aviso.<\/p><p>Nos reservamos el derecho en cualquier momento de modificar o descontinuar el Servicio (o cualquier parte o contenido del mismo) sin previo aviso en cualquier momento.<\/p><p>No seremos responsables ante usted ni ante ning\u00fan tercero por cualquier modificaci\u00f3n, cambio de precio, suspensi\u00f3n o interrupci\u00f3n del Servicio.<\/p><p><strong>SECCI\u00d3N 5 &#8211; PRODUCTOS O SERVICIOS<\/strong><\/p><p>(si corresponde) y estar disponible exclusivamente en l\u00ednea a trav\u00e9s del sitio web. Estos productos o servicios pueden tener cantidades limitadas y est\u00e1n sujetos a devoluci\u00f3n o cambio solo de acuerdo con nuestra Pol\u00edtica de devoluci\u00f3n.<\/p><p>Hemos hecho todo lo posible para mostrar con la mayor precisi\u00f3n posible los colores e im\u00e1genes de nuestros productos que aparecen en la tienda. No podemos garantizar que la visualizaci\u00f3n de cualquier color en el monitor de su computadora sea precisa.<\/p><p>Nos reservamos el derecho, pero no estamos obligados, de limitar las ventas de nuestros productos o servicios a cualquier persona, regi\u00f3n geogr\u00e1fica o jurisdicci\u00f3n. Podemos ejercer este derecho caso por caso. Nos reservamos el derecho de limitar las cantidades de cualquier producto o servicio que ofrecemos. Todas las descripciones de productos o precios de productos est\u00e1n sujetas a cambios en cualquier momento sin previo aviso, a discreci\u00f3n de nosotros. Nos reservamos el derecho de descontinuar cualquier producto en cualquier momento. Cualquier oferta para cualquier producto o servicio realizado en este sitio es nula donde est\u00e9 prohibida.<\/p><p>No garantizamos que la calidad de los productos, servicios, informaci\u00f3n u otro material comprado u obtenido por usted cumpla con sus expectativas, o que cualquier error en el Servicio ser\u00e1 corregido.<\/p><p><strong>SECCI\u00d3N 6 &#8211; EXACTITUD DE LA INFORMACI\u00d3N DE FACTURACI\u00d3N Y CUENTA<\/strong><\/p><p>Nos reservamos el derecho de rechazar cualquier pedido que realice con nosotros. Podemos, a nuestro exclusivo criterio, limitar o cancelar las cantidades compradas por persona, por hogar o por pedido. Estas restricciones pueden incluir pedidos realizados por o bajo la misma cuenta de cliente, la misma tarjeta de cr\u00e9dito y \/ o pedidos que utilizan la misma direcci\u00f3n de facturaci\u00f3n y \/ o env\u00edo. En el caso de que hagamos un cambio o cancelemos un pedido, podemos intentar notificarlo contactando con el correo electr\u00f3nico y \/ o la direcci\u00f3n de facturaci\u00f3n \/ n\u00famero de tel\u00e9fono proporcionado en el momento en que se realiz\u00f3 el pedido. Nos reservamos el derecho de limitar o prohibir los pedidos que, a nuestro exclusivo criterio, parecen ser realizados por distribuidores, revendedores o distribuidores.<\/p><p>Usted acepta proporcionar informaci\u00f3n de compra y cuenta actual, completa y precisa para todas las compras realizadas en nuestra tienda. Usted acepta actualizar de inmediato su cuenta y otra informaci\u00f3n, incluyendo su direcci\u00f3n de correo electr\u00f3nico y n\u00fameros de tarjeta de cr\u00e9dito y fechas de vencimiento, para que podamos completar sus transacciones y contactarlo seg\u00fan sea necesario.<\/p><p>Para obtener m\u00e1s detalles, consulte nuestra Pol\u00edtica de devoluciones.<\/p><p><strong>SECCI\u00d3N 7 &#8211; HERRAMIENTAS OPCIONALES<\/strong><\/p><p>Podemos proporcionarle acceso a herramientas de terceros sobre las cuales no supervisamos ni tenemos control ni aportes.<\/p><p>Usted reconoce y acepta que proporcionamos acceso a dichas herramientas \u201ctal cual\u201d y \u201cseg\u00fan est\u00e9n disponibles\u201d sin garant\u00edas, representaciones o condiciones de ning\u00fan tipo y sin ning\u00fan tipo de respaldo. No tendremos ninguna responsabilidad derivada o relacionada con su uso de herramientas de terceros opcionales.<\/p><p>Cualquier uso que usted haga de las herramientas opcionales ofrecidas a trav\u00e9s del sitio es bajo su propio riesgo y discreci\u00f3n, y debe asegurarse de que est\u00e1 familiarizado y aprueba los t\u00e9rminos en que las herramientas son proporcionadas por los proveedores externos relevantes. )<\/p><p>Tambi\u00e9n podemos, en el futuro, ofrecer nuevos servicios y \/ o funciones a trav\u00e9s del sitio web (incluido el lanzamiento de nuevas herramientas y recursos). Tales nuevas caracter\u00edsticas y \/ o servicios tambi\u00e9n estar\u00e1n sujetos a estos T\u00e9rminos de Servicio.<\/p><p><strong>SECCI\u00d3N 8 &#8211; ENLACES DE TERCEROS<\/strong><\/p><p>Ciertos contenidos, productos y servicios disponibles a trav\u00e9s de nuestro Servicio pueden incluir materiales de terceros.<\/p><p>Los enlaces de terceros en este sitio pueden dirigirlo a sitios web de terceros que no est\u00e1n afiliados a nosotros. No somos responsables de examinar o evaluar el contenido o la precisi\u00f3n y no garantizamos ni tendremos ninguna responsabilidad por los materiales o sitios web de terceros, ni por ning\u00fan otro material, producto o servicio de terceros.<\/p><p>No somos responsables de ning\u00fan da\u00f1o o perjuicio relacionado con la compra o uso de bienes, servicios, recursos, contenido o cualquier otra transacci\u00f3n realizada en relaci\u00f3n con sitios web de terceros. Revise detenidamente las pol\u00edticas y pr\u00e1cticas de terceros y aseg\u00farese de comprenderlas antes de realizar cualquier transacci\u00f3n. Las quejas, reclamos, inquietudes o preguntas relacionadas con productos de terceros deben dirigirse al tercero.<\/p><p><strong>SECCI\u00d3N 9 &#8211; COMENTARIOS DEL USUARIO, COMENTARIOS Y OTRAS COMUNICACIONES<\/strong><\/p><p>Si, a nuestra solicitud, env\u00eda ciertas presentaciones espec\u00edficas (por ejemplo, entradas de concursos) o sin una solicitud de nosotros env\u00eda ideas creativas, sugerencias, propuestas, planes u otros materiales, ya sea en l\u00ednea, por correo electr\u00f3nico, por correo postal o de otra manera (colectivamente, &#8216;comentarios&#8217;), usted acepta que podemos, en cualquier momento, sin restricciones, editar , copie, publique, distribuya, traduzca y de otra manera use en cualquier medio cualquier comentario que nos env\u00ede. No estamos y no tendremos ninguna obligaci\u00f3n (1) de mantener ning\u00fan comentario confidencial; (2) pagar una compensaci\u00f3n por cualquier comentario; o (3) para responder a cualquier comentario.<\/p><p>Podemos, pero no tenemos la obligaci\u00f3n de monitorear, eabandonar o eliminar contenido que, a nuestro exclusivo criterio, determinemos que es ilegal, ofensivo, amenazante, difamatorio, difamatorio, pornogr\u00e1fico, obsceno u objetable o viola la propiedad intelectual de cualquiera de las partes o estos T\u00e9rminos de servicio.<\/p><p>Usted acepta que sus comentarios no violar\u00e1n ning\u00fan derecho de terceros, incluidos los derechos de autor, marca registrada, privacidad, personalidad u otro derecho personal o de propiedad. Adem\u00e1s, acepta que sus comentarios no contendr\u00e1n material difamatorio o ilegal, abusivo u obsceno, ni contendr\u00e1n ning\u00fan virus inform\u00e1tico u otro malware que pueda afectar de alguna manera el funcionamiento del Servicio o cualquier sitio web relacionado. No puede utilizar una direcci\u00f3n de correo electr\u00f3nico falsa, pretender ser otra persona que no sea usted mismo, o enga\u00f1arnos a nosotros o a terceros en cuanto al origen de cualquier comentario. Usted es el \u00fanico responsable de cualquier comentario que haga y de su precisi\u00f3n. No asumimos ninguna responsabilidad ni asumimos ninguna responsabilidad por los comentarios publicados por usted o cualquier tercero.<\/p><p><strong>SECCI\u00d3N 10 &#8211; INFORMACI\u00d3N PERSONAL<\/strong><\/p><p>Su env\u00edo de informaci\u00f3n personal a trav\u00e9s de la tienda se rige por nuestra Pol\u00edtica de privacidad. Para ver nuestra Pol\u00edtica de privacidad.<\/p><p><strong>SECCI\u00d3N 11 &#8211; ERRORES, IMPRECISIONES Y OMISIONES<\/strong><\/p><p>Ocasionalmente puede haber informaci\u00f3n en nuestro sitio o en el Servicio que contiene errores tipogr\u00e1ficos, imprecisiones u omisiones que pueden relacionarse a descripciones de productos, precios, promociones, ofertas, gastos de env\u00edo de productos, tiempos de tr\u00e1nsito y disponibilidad. Nos reservamos el derecho de corregir cualquier error, inexactitud u omisi\u00f3n, y de cambiar o actualizar informaci\u00f3n o cancelar pedidos si alguna informaci\u00f3n en el Servicio o en cualquier sitio web relacionado es inexacta en cualquier momento sin previo aviso (incluso despu\u00e9s de haber enviado su pedido).<\/p><p>No asumimos ninguna obligaci\u00f3n de actualizar, modificar o aclarar informaci\u00f3n en el Servicio o en cualquier sitio web relacionado, incluida, entre otras, informaci\u00f3n de precios, excepto seg\u00fan lo exija la ley. No se debe tomar ninguna fecha espec\u00edfica de actualizaci\u00f3n o actualizaci\u00f3n en el Servicio o en cualquier sitio web relacionado, para indicar que toda la informaci\u00f3n en el Servicio o en cualquier sitio web relacionado se ha modificado o actualizado.<\/p><p><strong>SECCI\u00d3N 12 &#8211; USOS PROHIBIDOS<\/strong><\/p><p>Adem\u00e1s de otras prohibiciones establecidas en los T\u00e9rminos de Servicio, tiene prohibido usar el sitio o su contenido: ( a) para cualquier prop\u00f3sito ilegal; (b) para solicitar a otros que realicen o participen en cualquier acto ilegal; (c) violar cualquier regulaci\u00f3n, norma, ley u ordenanza local internacional, federal, provincial o estatal; (d) infringir o violar nuestros derechos de propiedad intelectual o los derechos de propiedad intelectual de terceros; (e) acosar, abusar, insultar, da\u00f1ar, difamar, calumniar, menospreciar, intimidar o discriminar por motivos de g\u00e9nero, orientaci\u00f3n sexual, religi\u00f3n, origen \u00e9tnico, raza, edad, origen nacional o discapacidad; (f) presentar informaci\u00f3n falsa o enga\u00f1osa; (g) cargar o transmitir virus o cualquier otro tipo de c\u00f3digo malicioso que se pueda o pueda usar de alguna manera que afecte la funcionalidad u operaci\u00f3n del Servicio o de cualquier sitio web relacionado, otros sitios web o Internet; (h) para recopilar o rastrear la informaci\u00f3n personal de otros; (i) para spam, phishing, pharm, pretexto, ara\u00f1a, rastreo o raspado; (j) para cualquier prop\u00f3sito obsceno o inmoral; o (k) para interferir o eludir las caracter\u00edsticas de seguridad del Servicio o cualquier sitio web relacionado, otros sitios web o Internet. Nos reservamos el derecho de terminar su uso del Servicio o cualquier sitio web relacionado por violar cualquiera de los usos prohibidos.<\/p><p><strong>SECCI\u00d3N 13 &#8211; DESCARGO DE RESPONSABILIDAD DE GARANT\u00cdAS; LIMITACI\u00d3N DE RESPONSABILIDAD<\/strong><\/p><p>No garantizamos, representamos ni garantizamos que su uso de nuestro servicio ser\u00e1 ininterrumpido, oportuno, seguro o libre de errores.<\/p><p>No garantizamos que los resultados que se puedan obtener del uso del servicio sean precisos o confiables.<\/p><p>Usted acepta que de vez en cuando podemos eliminar el servicio por per\u00edodos indefinidos o cancelar el servicio en cualquier momento, sin notific\u00e1rselo.<\/p><p>Usted acepta expresamente que el uso o la imposibilidad de usar el servicio es bajo su propio riesgo. El servicio y todos los productos y servicios entregados a usted a trav\u00e9s del servicio se proporcionan (excepto seg\u00fan lo expresamente expresado por nosotros) \u201ctal cual\u201d y \u201cseg\u00fan est\u00e9 disponible\u201d para su uso, sin ninguna representaci\u00f3n, garant\u00eda o condici\u00f3n de ning\u00fan tipo, ya sea expresa o impl\u00edcita. , incluidas todas las garant\u00edas o condiciones impl\u00edcitas de comerciabilidad, calidad comercializable, idoneidad para un prop\u00f3sito particular, durabilidad, t\u00edtulo y no infracci\u00f3n.<\/p><p>En ning\u00fan caso informationway, nuestros directores, funcionarios, empleados, afiliados, agentes, contratistas, pasantes, proveedores, proveedores de servicios o licenciantes ser\u00e1n responsables de cualquier lesi\u00f3n, p\u00e9rdida, reclamaci\u00f3n, o directa, indirecta, da\u00f1os incidentales, punitivos, especiales o consecuentes de cualquier tipo, incluidos, entre otros, p\u00e9rdida de ganancias, p\u00e9rdida de ingresos, p\u00e9rdida de ahorros, p\u00e9rdida de datos, reemplazo n costos, muchos da\u00f1os similares, ya sea por contrato, agravio (incluida negligencia), responsabilidad estricta o de otro tipo, derivados de su uso de cualquiera de los servicios o productos adquiridos utilizando el servicio, o por cualquier otro reclamo relacionado de alguna manera con su uso del servicio o cualquier producto, incluidos, entre otros, cualquier error u omisi\u00f3n en cualquier contenido, o cualquier p\u00e9rdida o da\u00f1o de cualquier tipo incurrido como resultado del uso del servicio o cualquier contenido (o producto) publicado, transmitido , o de otro modo disponible a trav\u00e9s del servicio, incluso si se le informa de su posibilidad. Debido a que algunos estados o jurisdicciones no permiten la exclusi\u00f3n o la limitaci\u00f3n de responsabilidad por da\u00f1os consecuentes o incidentales, en dichos estados o jurisdicciones, nuestra responsabilidad se limitar\u00e1 en la medida m\u00e1xima permitida por la ley.<\/p><p><strong>SECCI\u00d3N 14 &#8211; INDEMNIZACI\u00d3N<\/strong><\/p><p>Usted acepta indemnizar, defender y mantener indemne informationway y nuestra matriz, subsidiarias, afiliadas, socios, funcionarios, directores , agentes, contratistas, licenciantes, proveedores de servicios, subcontratistas, proveedores, pasantes y empleados, inofensivos ante cualquier reclamo o demanda, incluidos los honorarios razonables de abogados, realizados por un tercero debido a su incumplimiento de estos T\u00e9rminos de servicio o los documentos que incorporan por referencia, o su violaci\u00f3n de cualquier ley o los derechos de un tercero.<\/p><p><strong>SECCI\u00d3N 15 &#8211; SEPARABILIDAD<\/strong><\/p><p>En el caso de que se determine que alguna disposici\u00f3n de estos T\u00e9rminos de servicio es ilegal, nula o inaplicable, dicha disposici\u00f3n ser\u00e1, sin embargo, exigible en la mayor medida permitida por la ley aplicable, y la parte no exigible se considerar\u00e1 separada de estos T\u00e9rminos de Servicio, dicha determinaci\u00f3n no afectar\u00e1 la validez y aplicabilidad de cualquier otra disposici\u00f3n restante.<\/p><p><strong>SECCI\u00d3N 16 &#8211; TERMINACI\u00d3N<\/strong><\/p><p>Las obligaciones y responsabilidades de las partes contra\u00eddas antes de la fecha de terminaci\u00f3n sobrevivir\u00e1n a la terminaci\u00f3n de este acuerdo para todos los prop\u00f3sitos.<\/p><p>Estos T\u00e9rminos de servicio son efectivos a menos que usted o nosotros los rescindamos. Puede rescindir estos T\u00e9rminos de servicio en cualquier momento notific\u00e1ndonos que ya no desea usar nuestros Servicios o cuando deja de usar nuestro sitio.<\/p><p>Si, a nuestro exclusivo criterio, usted no cumple o sospechamos que ha incumplido cualquier t\u00e9rmino o disposici\u00f3n de estos T\u00e9rminos de Servicio, tambi\u00e9n podemos rescindir este acuerdo en cualquier momento sin previo aviso y usted seguir\u00e1 siendo responsable de todo importes adeudados hasta la fecha de terminaci\u00f3n inclusive; y \/ o en consecuencia puede negarle el acceso a nuestros Servicios (o cualquier parte de los mismos).<\/p><p><strong>SECCI\u00d3N 17 &#8211; ACUERDO COMPLETO<\/strong><\/p><p>El incumplimiento por nuestra parte de ejercer o hacer cumplir cualquier derecho o disposici\u00f3n de estos T\u00e9rminos de Servicio no constituir\u00e1 una renuncia a tal derecho o provisi\u00f3n.<\/p><p>Estos T\u00e9rminos de servicio y cualquier pol\u00edtica o regla operativa publicada por nosotros en este sitio o con respecto al Servicio constituye el acuerdo completo y el entendimiento entre usted y nosotros y rigen su uso del Servicio, reemplazando cualquier acuerdo anterior o contempor\u00e1neo, comunicaciones y propuestas, ya sean orales o escritas, entre usted y nosotros (incluidas, entre otras, las versiones anteriores de los T\u00e9rminos de servicio).<\/p><p>Cualquier ambig\u00fcedad en la interpretaci\u00f3n de estos T\u00e9rminos de Servicio no se interpretar\u00e1 en contra de la parte redactora.<\/p><p><strong>SECCI\u00d3N 18 &#8211; LEY APLICABLE<\/strong><\/p><p>Estos T\u00e9rminos de Servicio y cualquier otro acuerdo por el cual le brindemos Servicios se regir\u00e1n e interpretar\u00e1n de acuerdo con las leyes de Argentina .<\/p><p><strong>SECCI\u00d3N 19 &#8211; CAMBIOS A LOS T\u00c9RMINOS DE SERVICIO<\/strong><\/p><p>Puede revisar la versi\u00f3n m\u00e1s reciente de los T\u00e9rminos de Servicio en cualquier momento en esta p\u00e1gina.<\/p><p>Nos reservamos el derecho, a nuestra sola discreci\u00f3n, de actualizar, cambiar o reemplazar cualquier parte de estos T\u00e9rminos de Servicio mediante la publicaci\u00f3n de actualizaciones y cambios en nuestro sitio web. Es su responsabilidad consultar peri\u00f3dicamente nuestro sitio web para ver los cambios. Su uso continuo o acceso a nuestro sitio web o al Servicio despu\u00e9s de la publicaci\u00f3n de cualquier cambio en estos T\u00e9rminos de servicio constituye la aceptaci\u00f3n de esos cambios.<\/p><p><strong>SECCI\u00d3N 20 &#8211; INFORMACI\u00d3N DE CONTACTO<\/strong><\/p><p>Las preguntas sobre los T\u00e9rminos de servicio deben enviarse a info@informationway.com.ar.<\/p>","protected":false},"excerpt":{"rendered":"<p>DESCRIPCI\u00d3N GENERAL Este sitio web es operado por informationway. En todo el sitio, los t\u00e9rminos \u201cnosotros\u201d, \u201cnos\u201d y \u201cnuestro\u201d se [&hellip;]<\/p>\n","protected":false},"author":1,"featured_media":0,"parent":0,"menu_order":0,"comment_status":"closed","ping_status":"closed","template":"","meta":{"site-sidebar-layout":"default","site-content-layout":"","ast-site-content-layout":"","site-content-style":"default","site-sidebar-style":"default","ast-global-header-display":"","ast-banner-title-visibility":"","ast-main-header-display":"","ast-hfb-above-header-display":"","ast-hfb-below-header-display":"","ast-hfb-mobile-header-display":"","site-post-title":"","ast-breadcrumbs-content":"","ast-featured-img":"","footer-sml-layout":"","theme-transparent-header-meta":"","adv-header-id-meta":"","stick-header-meta":"","header-above-stick-meta":"","header-main-stick-meta":"","header-below-stick-meta":"","astra-migrate-meta-layouts":"default","ast-page-background-enabled":"default","ast-page-background-meta":{"desktop":{"background-color":"var(--ast-global-color-5)","background-image":"","background-repeat":"repeat","background-position":"center center","background-size":"auto","background-attachment":"scroll","background-type":"","background-media":"","overlay-type":"","overlay-color":"","overlay-opacity":"","overlay-gradient":""},"tablet":{"background-color":"","background-image":"","background-repeat":"repeat","background-position":"center center","background-size":"auto","background-attachment":"scroll","background-type":"","background-media":"","overlay-type":"","overlay-color":"","overlay-opacity":"","overlay-gradient":""},"mobile":{"background-color":"","background-image":"","background-repeat":"repeat","background-position":"center center","background-size":"auto","background-attachment":"scroll","background-type":"","background-media":"","overlay-type":"","overlay-color":"","overlay-opacity":"","overlay-gradient":""}},"ast-content-background-meta":{"desktop":{"background-color":"var(--ast-global-color-4)","background-image":"","background-repeat":"repeat","background-position":"center center","background-size":"auto","background-attachment":"scroll","background-type":"","background-media":"","overlay-type":"","overlay-color":"","overlay-opacity":"","overlay-gradient":""},"tablet":{"background-color":"var(--ast-global-color-4)","background-image":"","background-repeat":"repeat","background-position":"center center","background-size":"auto","background-attachment":"scroll","background-type":"","background-media":"","overlay-type":"","overlay-color":"","overlay-opacity":"","overlay-gradient":""},"mobile":{"background-color":"var(--ast-global-color-4)","background-image":"","background-repeat":"repeat","background-position":"center center","background-size":"auto","background-attachment":"scroll","background-type":"","background-media":"","overlay-type":"","overlay-color":"","overlay-opacity":"","overlay-gradient":""}},"_joinchat":[],"footnotes":""},"class_list":["post-14","page","type-page","status-publish","hentry"],"_links":{"self":[{"href":"https:\/\/infoway.ar\/tienda\/wp-json\/wp\/v2\/pages\/14","targetHints":{"allow":["GET"]}}],"collection":[{"href":"https:\/\/infoway.ar\/tienda\/wp-json\/wp\/v2\/pages"}],"about":[{"href":"https:\/\/infoway.ar\/tienda\/wp-json\/wp\/v2\/types\/page"}],"author":[{"embeddable":true,"href":"https:\/\/infoway.ar\/tienda\/wp-json\/wp\/v2\/users\/1"}],"replies":[{"embeddable":true,"href":"https:\/\/infoway.ar\/tienda\/wp-json\/wp\/v2\/comments?post=14"}],"version-history":[{"count":1,"href":"https:\/\/infoway.ar\/tienda\/wp-json\/wp\/v2\/pages\/14\/revisions"}],"predecessor-version":[{"id":16,"href":"https:\/\/infoway.ar\/tienda\/wp-json\/wp\/v2\/pages\/14\/revisions\/16"}],"wp:attachment":[{"href":"https:\/\/infoway.ar\/tienda\/wp-json\/wp\/v2\/media?parent=14"}],"curies":[{"name":"wp","href":"https:\/\/api.w.org\/{rel}","templated":true}]}}